11 + 6 + -2)?
8
What is -8 - (12 - (-2 + 7) - 31)?
16
What is the value of 2 - (-16 - (-2 + -8))?
8
Evaluate -4 + 0 + -2 + -8 + (32 - 6).
12
What is the value of (-14 - -11 - 1) + 13?
9
What is the value of 2 - ((-10 - -12) + 1) - -22?
21
Calculate (-16 - (3 + -6 - 2)) + -3 + 3.
-11
What is the value of (37 + (-2 - -6) - 2) + -11?
28
Evaluate 11 + 8 + -10 + -4 - 1.
4
-8 + -2 - -9 - 9
-10
What is 17 + (-4 - (8 + 13 + -16))?
8
Calculate 0 + 26 - (-6 + (11 - (-1 + 4))).
24
What is 21 + (-8 - 14) + 16?
15
What is the value of -129 - -104 - (-22 - 6)?
3
2 + 2 + (-26 - -14)
-8
Evaluate 36 + -36 - (3 + -1 + 3) - -5.
0
-4 + 0 - (10 - (7 - 4))
-11
Evaluate -8 + (-18 - -9 - -21).
4
What is the value of (-26 - (0 + -14 - -12)) + -2?
-26
What is the value of 19 - ((2 - -4) + 11)?
2
What is the value of 21 - ((-3 - (2 - 2)) + -6)?
30
(8 - 5) + (5 - 1 - 3)
4
Evaluate (3 - 7) + -2 + (-10 - -5).
-11
Calculate -1 + -3 + -2 + 1 + 20.
15
What is 28 - 21 - 18 - 1?
-12
Evaluate -27 + 15 - (-2 + 3 - -2).
-15
What is -6 - (5 + -2 + -4) - (-35 + 9)?
21
What is (0 + -5 - 19) + 23 + (-39 - -17)?
-23
What is the value of 32 - 8 - (0 - -14)?
10
(1 - (1 + 0)) + 8 + -8
0
What is the value of -1 + ((2 - 5) + 2 - 3) - 4?
-9
Evaluate -3 + -5 + -1 + (6 + -28 - -21).
-10
What is 13 - (-9 + -2 + 15 + 8)?
1
What is 9 - 15 - (0 + -27)?
21
Calculate (-13 - -11) + (1 + -2 - (6 - -2)).
-11
Calculate (-13 - -12) + 17 - 4.
12
Evaluate -6 - (12 + (3 - (3 - (-6 + 11)))).
-23
Calculate (-20 - -14) + 0 + -11 - (-3 + 6).
-20
Calculate (-5 - -7) + 5 + 24 + -17.
14
Calculate (18 - 21) + -2 + 22.
17
What is the value of 12 + 1 - (-191 - -200)?
4
Evaluate -1 - (219 + -213 - (-1 + 0 + 6)).
-2
What is the value of (-11 + 18 - 14) + (2 - -1) - 8?
-12
What is the value of 4 + (-7 + 10 - 6)?
1
What is the value of -16 - -4 - (21 + -16 + 1 + -12)?
-6
Calculate -2 + (-12 + 12 - -12).
10
What is the value of (2 + (-15 - -12) - -4) + -11?
-8
Evaluate 42 - (5 + 39) - -23.
21
14 - (5 + -5 - -1) - 9
4
What is 6 + (-12 - (-4 - -5)) - -10?
3
-8 + (5 - (6 + 5 - 8)) + -2
-8
-41 - (27 + -17) - -33
-18
Calculate (39 - (-47 + 52)) + (-11 - 1).
22
(-91 - -88 - (4 - (-1 + 0))) + 14
6
1 + -2 + (-10 - (-24 - -11) - -3)
5
Calculate 3 - (-3 - (-3 - 6)).
-3
9 + -37 + 8 + 15
-5
What is the value of 1 + 21 + 43 + -61?
4
Calculate -5 + 7 + 4 + (-1 - 5) - 4.
-4
(-14 + 28 - -12) + -12
14
(-5 - (-5 + -7)) + 1 - (-8 + 2)
14
What is the value of -1 + 25 + (29 + -2 - 37)?
14
What is 10 - (13 + -12 - -13)?
-4
What is the value of 48 + -11 + -3 + -25?
9
Evaluate (-23 + (-11 - -20) - -9) + 4.
-1
-6 + (6 - -1) + 8 - (-18 - -47)
-20
Evaluate 4 - (-4 + 2 + 4).
2
What is (0 - 0) + (-3 - (28 + -11 + -14))?
-6
Evaluate -5 + (10 + 1 - (-9 - (-6 - 2))).
7
(2 - 5) + 9 + 1 - (-11 - -5)
13
Calculate -20 + (5 + -8 - -13).
-10
What is the value of (-2 + -6 - (-23 - -1 - 12)) + -5?
21
What is 33 + (-22 - -4) - (8 + 1)?
6
8 + (1 - -2) + -9 - (15 + -1)
-12
9 + 6 + (-1 + 3 - -1)
18
What is 13 + -5 + 2 + -22 + 5 + 6?
-1
What is the value of 5 + 5 + -2 - 17?
-9
What is the value of 1 + 23 + 25 + (-22 - 3)?
24
What is 9 - (-1 - (-4 - -11) - 0)?
17
What is the value of 9 - (4 + -3) - (15 - 30)?
23
Evaluate (-2 - 1) + 18 + -24 + 19.
10
Evaluate (14 - -27) + -49 + 22.
14
12 + (23 - 46) - (0 + 1)
-12
Calculate (-38 - -15) + (5 - ((2 - 0) + -3)).
-17
Evaluate 5 + -16 + (9 - 5) + -8 + 32.
17
What is (-1 - -15) + -7 + -3 - -12?
16
-8 + -20 + 27 + 13
12
What is the value of -16 + 15 + 4 - 18?
-15
-21 - -16 - (-11 - -2) - (0 + 0)
4
Calculate (-15 - -19) + 37 + -70.
-29
What is the value of 1 - (-5 - 1) - (8 - (-19 - -5))?
-15
3 - 0 - (-20 - -6 - (-33 - -1))
-15
What is 9 - ((6 - 11) + -1 + 6 + 3)?
6
What is the value of -14 + 9 + -1 - 10?
-16
What is (5 - -4) + (7 - 3)?
13
2 - (-39 - -13) - (9 + -4 + 1)
22
Evaluate -15 + -11 + 23 + -3 + 6 + -24.
-24
-7 - ((-28 - -12) + 9) - -10
10
What is -23 + 15 + 28 + -5?
15
Calculate 40 + -5 + -12 - (-18 - -8).
33
(8 - ((6 - 4) + 3)) + -3
0
1 + -18 + (2 - -12)
-3
What is the value of (2 - -1 - -4 - (-10 + 13)) + 3?
7
Calculate 1 + -16 - ((-7 - 0) + (114 - 112)).
-10
-2 - (15 + -8 + -3 - -1 - -1)
-8
What is -105 + 100 + (7 - 0) - 7?
-5
What is the value of -6127 - -6128 - ((-29 - 2) + (3 - 1))?
30
What is the value of (4 - 1 - (0 + 6 + -4)) + 3?
4
Evaluate 5 + (-3 - (-11 - -8)) - 0.
5
Evaluate -19 - ((-24 - -24) + 1).
-20
What is the value of -8 + (-3 - -14 - -4)?
7
What is (-5 - (-9 + 5 + -9) - 2) + 22?
28
0 - 9 - (127 - 62 - 54)
-20
Evaluate -8 + -4 + -19 + 13.
-18
What is -44 - (-3 + 12 + -9 + (-3 - 4))?
-37
Calculate 27 - (-9 + 23) - (-6 + -2).
21
Calculate -5 + (1 - 5 - (15 - 17)) + 13.
6
What is -5 - (-9 - -6) - (13 + (0 - 42))?
27
(9 - -15) + -11 + -14
-1
What is -3 + (-13 - 0) + -5 + 11?
-10
Calculate (-7 - 13) + 12 + (6 - 8).
-10
What is the value of (-16 - 49 - -44) + (-7 - 0)?
-28
-17 + -10 + 20 + 6
-1
Evaluate -3 - (-2 + 7) - (45 - 43).
-10
Calculate 45 - 2 - 57 - (0 + -22).
8
Calculate -31 - -25 - (8 + -21 + 7).
0
What is 20 + -3 + -11 + 0?
6
What is the value of 45 + 1 + -167 + 135?
14
What is -1 - -1 - (-34 - (-34 - -18))?
18
What is the value of -3 - (-2 + 3 + (6 - 0) - 5)?
-5
Calculate 8 + 3 + (0 - 6) + 7.
12
Evaluate -14 + (-33 - -16) + 19.
-12
What is (-10 + 2 - -16) + 2 + -6?
4
Evaluate -9 + 10 + 22 - -1.
24
What is the value of -13 + (3 - 7 - -10)?
-7
What is -13 - ((-12 - -4) + 4 + -2 + 6)?
-13
What is (1 - -2 - 0) + 163 + -159?
7
Calculate 6 + (-9 - 5) - (-3 + -7).
2
What is 1 + 5 + 16 + 6 + -16?
12
-1 + (-6 - (-2 - (-7 - -1))) - 8
-19
What is the value of (-9 - (-9 - -9)) + 0 + 0 + 8?
-1
(14 - -1) + (384 - 385)
14
-8 - 3 - (12 + -43 + 25)
-5
What is -5 + 8 + (0 - (7 - (4 + 4)))?
4
-75 - -81 - ((3 - -10) + (4 - 1))
-10
Calculate 4 + (5 - -2 - 11).
0
Calculate (4 - (15 - 2)) + 0 - -33.
24
Calculate -6 - (-16 + (17 - (-7 + 7))).
-7
Calculate (-3 - (12 + 3)) + (6 - (3 + 1)).
-16
14 + -7 + (14 - 4)
17
What is -23 + -20 + 20 + 13?
-10
What is the value of 21 + -2 + -22 + 21 - (-2 + 8)?
12
Evaluate (17 - 52) + 20 + -4.
-19
What is the value of (1 - 8) + 8 + 35 + -2 + -6?
28
What is the value of 32 + (0 - -17) + -34?
15
What is 1 - 10 - (47 + -40 - (0 - -11))?
-5
What is 19 + 0 + 481 + -486?
14
Evaluate 4 + -5 + 5 + -8 + -9.
-13
What is 9 + -4 + -3 + 9 + -15?
-4
What is the value of -11 + 20 + -1 + -12?
-4
What is the value of (2 - 1) + 2 - (12 + -14 - 0)?
5
Evaluate 13 + (-17 - -16) - (7 - 1).
6
What is -4 + (-4 - 1) + -2?
-11
Evaluate 1 - (2 - 1) - (9 + (9 - -5)).
-23
What is the value of -6 - (3 - (7 - ((6 - 14) + -1)))?
7
Calculate (-3 - (-2 - 4)) + -6 + 9 - -3.
9
What is 11 - ((4 - -6 - 6) + (1 - 0))?
6
Evaluate -17 - (-13 - (-14 + 2 + 2)).
-14
What is the value of -108 + 101 - (-3 - 0 - -14)?
-18
0 + 13 - (187 - 193) - -10
29
What is the value of (2 - (16 - (3 - -8))) + 2?
-1
Evaluate -147 + 176 - (0 - -20).
9
Evaluate 2 + (-2 - 6) + -130 + 131.
-5
What is -5 - ((-32 - -12 - -14) + -2 + -1)?
4
Evaluate -1 + 35 + 3 - (-387 + 403).
21
What is the value of 23 + (-1 - 4) - 7?
11
What is (-2 - 5 - (1 + 0)) + 0?
-8
What is the value of 6 + -1 + -61 + 69?
13
Evaluate 860 + -853 - (14 - -1).
-8
What is 17 - (4 - (9 + -12 - 0))?
10
What is the value of (3 - 0) + -16 + 18 + 16 + -16?
5
-488 + 483 + (1 + 8 - 0)
4
Evaluate (-13 - 1) + 2 + -8 + 11 - -18.
9
What is the value of 2 + -4 - (-69 + 82)?
-15
What is the value of 4 - ((1 - -2) + (15 - 16))?
2
Evaluate (18 - -5 - 44 - (1 + -2)) + 0.
-20
What is 5 + (2 - 1) + -52 + 49 + 1?
4
Calculate 16 - (6 + (-4 - -13 - 11)).
12
What is -2 - (-4 + 12 + 7 + -5)?
-12
What is the value of (2 - (9 - -4)) + 2 - 5?
-14
What is the value of 18 + 0 + -20 - (-31 + (2 - 3))?
30
16 + -8 - (-10 - -6)
12
What is (4 - (-10 - (16 + -9))) + (-1 - 3)?
17
Evaluate 51 - 45 - (3 - 1 - -7).
-3
-18 - (0 + -23 + 9 + 6)
-10
Evaluate (6 + -3 + -3 - 6) + 15 + -6.
3
Evaluate -1 + 1 + -1 + -28 + (12 - -6).
-11
12 + -12 + (-16 - -23) + 11
18
What is the value of -9 + (6 + 0 - (0 + -3)) + 8?
8
What is 36 + -32 - (6 + 6)?
-8
Evaluate (1 + -5 - (-3 - (-18 - -21))) + 3.
5
What is the value of 13 + (-4 + 7 - 14)?
2
1 - 18 - ((-1 - -7) + -15)
-8
What is 5 - 11 - (13 - 8)?
-11
Calculate 0 - (19 - (8 + 17)).
6
What is 34 + (0 + (9 - -3) - 23)?
23
Evaluate -6 + -19 + 0 + -2 - (-108 + 112).
-31
Calculate 